32?
30
Suppose -4*k = 5*u + 25, 0*u + 42 = -3*u + 3*k. What is the remainder when (-1 + -2)*21/u is divided by 7?
0
Suppose d + 51 = 4*d. Let r = -291 - -324. What is the remainder when r is divided by d?
16
Let j be -2 - -11*(2 - 0). Let t = j + -21. Let x = t + 14. What is the remainder when 50 is divided by x?
11
Suppose 0 = 3*b + 9, 0 = -f + 4*f + 2*b + 30. Let d = -5 - f. Calculate the remainder when (-101)/(-9) + 12/(-54) is divided by d.
2
Suppose -5*y + y = 3*s - 348, -2*y + 184 = 4*s. Let h = y - 59. Suppose b = -3, -4*b + b = 4*j - 19. Calculate the remainder when h is divided by j.
4
Suppose -73 = -3*j - 7. Suppose -114*l + 112*l = -j. What is the remainder when 30 is divided by l?
8
Suppose -q = 4*q + i - 3302, -4*i + 8 = 0. Suppose -5*z + 4*x + 1135 = 0, 5*z - 500 = -x + q. What is the remainder when z is divided by 26?
23
Let d(s) = s**3 - 11*s**2 - 12*s + 6. Let p be d(12). Calculate the remainder when (531/(-54))/((-1)/p) is divided by 16.
11
Suppose -4*d = 4*h - 20, 4*d - 3*h = 49 - 15. Calculate the remainder when 19 is divided by d.
5
Let x(n) = n**2 + 2*n - 72. What is the remainder when 321 is divided by x(9)?
24
Suppose 0 = 3*h + 4*v - 652, -h = -12*v + 17*v - 199. Calculate the remainder when h is divided by 25.
24
Let o = 6 + -5. Let y(b) = 19*b**2 - b. Let q be y(o). What is the remainder when 36 is divided by (-2)/9 + 238/q?
10
Let p = 24 + -2. Calculate the remainder when p is divided by (-76)/1026 - 1059/(-81).
9
What is the remainder when (48/(-12))/((-12)/597) is divided by 71?
57
Suppose 0 = -61*j + 19511 + 33193. Calculate the remainder when j is divided by 17.
14
Calculate the remainder when 220 is divided by (-13)/(26/(-24)) + 80.
36
Let h = -28 - -43. Let o(m) = -4*m - 182. Let x be o(0). Calculate the remainder when (-4)/(-26) + (-10164)/x is divided by h.
11
Suppose 192*g - 193*g + 24 = 0. Calculate the remainder when 47 is divided by g.
23
Let q = 1785 - 1765. What is the remainder when 150 is divided by q?
10
Calculate the remainder when 64 is divided by (15 - 5) + -11 + 4.
1
Suppose 291 = -8*g + 1091. What is the remainder when g is divided by 13?
9
Let m be 4/(-18) - 760/(-18). Let x = -30 + m. What is the remainder when 33 is divided by x?
9
Let o = 201 - 104. Let u = o - 66. What is the remainder when 60 is divided by u?
29
Suppose -4*p + 125 = -79. Calculate the remainder when 1/((-4 - -3)/1) + 150 is divided by p.
47
Let k(y) = -11*y + 14*y - 20 - 13*y - 4. Calculate the remainder when 47 is divided by k(-4).
15
Let a(p) = 5*p**2 - p - 4. Let h be (3 - -2) + 0/(-3). Suppose -152 = -h*v - 17. Calculate the remainder when a(-4) is divided by v.
26
Let p = -157 - -317. Suppose 0 = -4*y - 6*y + p. Calculate the remainder when 30 is divided by y.
14
Let f be 3 - 2*((-21)/2 - 0). Suppose -19*h = -f*h + 160. What is the remainder when 188 is divided by h?
28
What is the remainder when (-85)/3*(-1551)/235 is divided by 97?
90
Let r(k) = 3*k + 6. Let q be 272/72 + (-4)/(-18). Calculate the remainder when 69 is divided by r(q).
15
Suppose 6*n = 2*n - 4*h + 460, 4*n + h = 445. Calculate the remainder when n is divided by 29.
23
Suppose 4*y = -5*h + 24, 4*h + 4*y - 15 = 5*y. Let t = h + 88. What is the remainder when t is divided by 31?
30
Let u be 0 + -2 - (-2 - -2). Let z(n) = n**2. Let q be z(u). What is the remainder when 41 is divided by (4 + -25)/((-6)/q)?
13
Let k(h) = 2*h - 28. Calculate the remainder when 19 is divided by k(17).
1
Let k(h) = h**2 + 4*h - 128. Calculate the remainder when k(11) is divided by 27.
10
Suppose 528 = 7538*o - 7522*o. Let v = 44 + 45. What is the remainder when v is divided by o?
23
Let n = -39 + 47. Suppose 3*w - 4 = n, 2*w = -5*g + 48. Calculate the remainder when 22 is divided by g.
6
Suppose -2*m + m + 5 = -2*b, -5*m = -3*b - 60. Let x(y) be the second derivative of y**3/3 - 8*y**2 - 21*y. What is the remainder when m is divided by x(13)?
5
Let u(m) = m**2 - 27*m + 147. Calculate the remainder when 307 is divided by u(7).
6
What is the remainder when 114 is divided by (-209)/(-38)*826/77?
55
Let w be 0/(-1 + -9*1/(-3)). Suppose -9*j + 43 + 20 = w. Calculate the remainder when 16 is divided by j.
2
Suppose -1 + 11 = 2*u - 2*p, 4*u + 4*p - 4 = 0. Suppose -4 = k + f - 14, 5*k - u*f - 58 = 0. Calculate the remainder when (1 + 0)*-1*-31 is divided by k.
9
Let u = 1082 + -792. Calculate the remainder when u is divided by 59.
54
Let v = 47 + 35. Calculate the remainder when 323 is divided by v.
77
Let h(i) = 2*i - 11. Let a(g) = -3. Let s(l) = -12*a(l) + 3*h(l). Let z(w) = -10*w - 68. What is the remainder when s(7) is divided by z(-8)?
9
Suppose 90*j - 89*j - 1 = 0, -2*j = -3*r + 34. Let y = 198 - 115. Calculate the remainder when y is divided by r.
11
Let d(z) = 2*z**2 + 3*z - 4. Let k = -4 + 0. Calculate the remainder when 94 is divided by d(k).
14
Let v = -8 - -14. Let k = 8 - v. Suppose 3*l = -k*y - y + 30, 2*y + 4*l = 16. Calculate the remainder when 45 is divided by y.
9
Suppose -y + 23 + 9 = 3*q, 0 = 5*y + 4*q - 105. Let m = -98 + 101. Suppose 41 = m*p - 103. What is the remainder when p is divided by y?
14
Let d(w) = 14*w + 323. What is the remainder when d(-15) is divided by 40?
33
Suppose w - 10 = 4*g, -5*w + 2*g = -3*w - 8. Calculate the remainder when ((-46)/(-2))/(-1*(-1)/w) is divided by 10.
6
Suppose 39*u - 87 = 36*u. What is the remainder when 1069 is divided by u?
25
Let n = -15 - -45. Let f(q) = -q + 5. Let t be f(0). Calculate the remainder when n is divided by (-10)/(-2)*11/t.
8
Let s be 5331/12 + (-3)/12. Let j = -33 + s. Calculate the remainder when 53 is divided by j/15 - (-6)/(-15).
26
Let w = -22 - -28. Let n = 84 + -55. What is the remainder when n is divided by w?
5
Let s(j) = -30*j + 47. Calculate the remainder when s(-2) is divided by 55.
52
Let m(v) = -v**3 + 16*v**2 + 16*v + 32. Calculate the remainder when m(17) is divided by 6.
3
Calculate the remainder when 10/(-95) + 5763/57 is divided by 43.
15
Suppose 17*z - 434 = 127. What is the remainder when z is divided by 17?
16
Let d = -182 + 205. What is the remainder when 107 is divided by d?
15
Let c(y) = y + 5. Let g be c(-2). Suppose -g*b + 24 + 20 = 2*r, 0 = -3*b + 12. Calculate the remainder when 28 is divided by r.
12
Suppose -51 - 3 = 9*r. Let q be r/18*1*-9. Suppose 5*m = -4*t + 323, -q*m + 4*t = 5*t - 198. What is the remainder when m is divided by 35?
32
Let g be 3/6 - (-42)/(-4). Let m = g - -14. Let n(v) = -v. What is the remainder when n(-10) is divided by m?
2
Suppose 224 = -4*b - 4*u, -2*b + b = -4*u + 76. Let o = 75 + b. Calculate the remainder when 57 is divided by o.
12
Let h(l) = -406*l - 677. Calculate the remainder when h(-4) is divided by 25.
22
Suppose s + 0*s - 9 = 0. Suppose 6*f = 5*f. Let d = f + 4. What is the remainder when s is divided by d?
1
Let d(a) = -a**2 + a + 11. Suppose -37 = -2*b - w - 24, 0 = 4*b - w - 11. Calculate the remainder when d(0) is divided by b.
3
Let z(b) = 17*b**2 - 4*b + 5. Let a be z(-3). Suppose 0 = 6*o - a - 154. Calculate the remainder when o is divided by 14.
12
Let i = -482 - -1324. Calculate the remainder when i is divided by 26.
10
Let d(b) be the third derivative of -b**4/8 - 23*b**3/6 + 2*b**2. Calculate the remainder when d(-12) is divided by 7.
6
Suppose z - 54 = -0*z. Let k = 511 - 300. What is the remainder when k is divided by z?
49
Let s(z) = z**2 - 27*z + 194. What is the remainder when 16 is divided by s(14)?
4
Let i(p) = p**3 + 19*p**2 - 19*p + 64. Let n be i(-20). Suppose 0 = 12*t + n - 272. What is the remainder when 29 is divided by t?
10
Let i = 411 - 237. Suppose -1670 = -8*t - i. What is the remainder when t is divided by 21?
19
Let h(w) = 10*w**3 - 23*w**2 + 4*w - 2. Calculate the remainder when 1897 is divided by h(3).
72
Suppose -3*g = 7*g - 8260. Suppose -8*h - 298 = -g. Suppose 4*l = -5*b + 46 + 12, 3*l + 3*b - 45 = 0. Calculate the remainder when h is divided by l.
15
Suppose -2*r - s = -14, -r - 3*s + 2 + 10 = 0. Calculate the remainder when (103 - 4)*(-4)/(-12) is divided by r.
3
Let x(l) = 3*l**2 + 12*l - 71. What is the remainder when x(7) is divided by 37?
12
Let o = -1260 + 1297. Calculate the remainder when 887 is divided by o.
36
Suppose -3*p + 286 = 5*y - 18, p + 250 = 4*y. Let b = -16 + y. Calculate th